 common factor of c and v?
28
Let p be 392/18 + (-4)/(-18). Let u(y) = 22*y - 44. Let n be 3 + (-5)/((-20)/(-8))*-2. Let h be u(n). Calculate the greatest common factor of p and h.
22
Let r = -10 + 14. Let j be 102/r + 3/6. Let x = j + -14. Calculate the greatest common divisor of x and 4.
4
Suppose 14 + 2 = 4*q. Suppose 0 = 3*p + 2*n - 21, 5*n = q*p - 2*p - 33. Let l = p - 5. Calculate the greatest common factor of 4 and l.
4
Let u be 4/((-1)/(-1) + 1). Suppose -u = -j - 0. Let m(x) = -280*x + 22. Let o be m(0). Calculate the highest common divisor of o and j.
2
Let h = -7 + 41. Let i = -29 + h. What is the greatest common divisor of 5 and i?
5
Let o be 9 + ((-4)/(-2) - 0). Suppose 7*s + 14*s = 693. What is the highest common divisor of s and o?
11
Suppose 9*n - 1020 = 3*n. Calculate the highest common factor of n and 102.
34
Let p(f) = -105*f + 36. Let n(g) = -21*g + 7. Suppose r = 3*r - 42. Let j(x) = r*n(x) - 4*p(x). Let c be j(-5). What is the greatest common factor of c and 27?
27
Let m(f) = 3*f + 84. Let k be m(-9). What is the greatest common divisor of 19 and k?
19
Let x = -129 - -32. Let d = 281 + x. Let b be 2/(-5) - d/(-10). Calculate the highest common divisor of 45 and b.
9
Suppose -24 = -7*y + 18. Let a(f) = -2*f**2 + 10*f + 14. Let u be a(y). What is the highest common divisor of 1 and u?
1
Let c = 127 + -87. Let v = c + -20. What is the highest common factor of v and 20?
20
Let k = 131 + -52. Let c be (-16)/(-24) - k/(-3). Let z = c + -20. What is the greatest common factor of 63 and z?
7
Suppose 9*s - 79 = 326. Suppose 0 = -4*w + 4*o + 10 - 2, 0 = 3*w - o - 12. What is the greatest common factor of s and w?
5
Let a(f) = -3*f**2 + 21*f + 13. Let i(s) = 2*s**2 - 20*s - 14. Let c(r) = -3*a(r) - 4*i(r). Let x be c(-16). What is the greatest common divisor of 4 and x?
1
Let q(l) = -3*l - 2. Suppose -y - 13 + 11 = 0. Let x be q(y). Let s be 22 - (1 - 1 - -2). Calculate the highest common factor of x and s.
4
Suppose f + 8 = 5*f. Suppose f*m + 14 = 4*o, -1 = -2*o + 2*m + 3. Suppose z - 14 = -4*k, o*k = 3*z + 1 + 8. What is the highest common divisor of 6 and k?
3
Let m be ((-18)/(-5))/(4/(-20)). Let f be (-1)/(-2 + (-33)/m). Let g be (f/(-2) + 10)*3. What is the greatest common factor of g and 42?
21
Let w(g) = -271*g**3 - 2*g - 1. Let t be w(-1). Suppose 5*i - 508 - t = 0. What is the highest common divisor of i and 12?
12
Suppose 3*i - 3*y = 8*i + 7, 0 = -4*i + 3*y + 16. Calculate the greatest common factor of 7 and i.
1
Suppose -3*l + 2*a - a + 9 = 0, 4*l = -2*a + 2. Suppose 0 = -2*s - 3*b + 35, -2*b + 38 = l*s + 2*b. What is the highest common divisor of s and 143?
13
Let g(o) = o + 2. Let j be g(-2). Suppose -f = x - 4, -2*x + j*f + 5 = f. Let a be (4/6)/(x/9). What is the greatest common divisor of 18 and a?
6
Let q(u) be the second derivative of u**3/6 + 91*u**2 - 5*u. Let a be q(0). Let m be a/9 + (-14)/63. Calculate the highest common factor of m and 8.
4
Suppose -12*l = -239 - 121. Suppose -2*o = -o - 4, 32 = 3*g - o. Calculate the highest common factor of l and g.
6
Suppose n + 544 = 5*j + 21, 0 = -5*j - 3*n + 531. Let a(m) = m**3 - 2*m**2 - 5*m + 3. Let l be a(4). Calculate the greatest common factor of j and l.
15
Let z(t) be the first derivative of 35*t**3/3 + t**2 - t - 2. Let v be z(1). Suppose -25*w = -36*w + 44. What is the greatest common factor of w and v?
4
Let j(b) = -b**3 - 5*b**2 + 9*b + 8. Let n be j(-6). Let a be 12/(-15) - 88/n. What is the greatest common factor of a and 56?
8
Suppose -5*c - 6 + 21 = 0. Let j(x) = 4*x**3 - 5*x**2 + 7*x - 5. Let q be j(2). Calculate the highest common factor of c and q.
3
Let p(k) = -k**3 + 2*k**2 + 21*k + 11. Let d be p(9). Let y = -214 - d. What is the greatest common factor of 9 and y?
9
Let o(z) = -4*z**2 + 2*z + 2. Let a be o(2). Let g = 16 + a. Let i be g/(-10) - 286/(-10). What is the greatest common factor of 7 and i?
7
Let o = 7 - 11. Let i = o + 52. Calculate the highest common factor of i and 16.
16
Let n be 3/6 + 141/2. Let r = n - -91. What is the highest common divisor of r and 18?
18
Let p(f) = 2*f**2 - 91*f + 214. Let h be p(45). What is the highest common divisor of 39 and h?
13
Let n = 2 + 8. Let s(d) = d**2 - 15 - 7*d - 1 + 2. Let p be s(n). Calculate the highest common divisor of 4 and p.
4
Suppose -2*q + 24 = 2. Suppose 4*y = 2*h - 198, 5*y + 100 - 298 = -2*h. What is the greatest common divisor of h and q?
11
Let n be ((-6)/(-15))/(20/125)*30. What is the highest common divisor of 60 and n?
15
Let s = 31 - 29. Suppose s*v + 19 - 73 = 0. Let p = -25 + v. Calculate the greatest common divisor of 4 and p.
2
Let v = 97 - 89. What is the greatest common divisor of 4 and v?
4
Suppose -5*l + 7*o - 6*o + 271 = 0, -161 = -3*l + o. What is the highest common divisor of l and 264?
11
Let l(v) = v**3 + 10*v**2 + v + 24. Let m be l(-10). Calculate the highest common divisor of m and 56.
14
Let u be 8004/50 - (-70)/(-875). What is the greatest common factor of u and 64?
32
Let h = -24 + 87. Let m be (-26 + -4)*(-24)/9. Suppose 5*b + 5*n - 212 = 4*n, 2*n + m = 2*b. What is the highest common factor of b and h?
21
Suppose -26 = -k + 53. Suppose -4*j + k = -0*f + 5*f, -5*f + 105 = 5*j. Calculate the greatest common divisor of 143 and j.
13
Let r = 53 + -140. Let f = r + 126. Let a be (-1)/2 - 54/(-4). Calculate the highest common divisor of f and a.
13
Let s = -36 - -3. Let a = -26 - s. Suppose -2*u = -3*u - y + a, 4*u - 5*y + 17 = 0. What is the highest common divisor of u and 4?
2
Let w(h) = 30*h**2 - 5*h + 9. Let p be (-13)/(-4) - 6/24. Let v be w(p). Calculate the greatest common divisor of 24 and v.
24
Let p be (4/5)/(22/2255). Let q = p + -30. Let v be 1/(-2) + 54/4. What is the greatest common divisor of v and q?
13
Let v be (40/1)/(14*(-12)/(-1260)). What is the greatest common divisor of 480 and v?
60
Let t = -4 + 1. Let d be 23 + (6/t - 1). What is the highest common divisor of d and 60?
20
Let k = -428 + 684. Calculate the greatest common divisor of k and 96.
32
Let z be (-31 - -99) + 4/((-12)/15). What is the greatest common factor of 27 and z?
9
Let l be (2/(-6))/((6/(-225))/2). Suppose -42 = -a - 2*v, -2*a + 139 - l = -2*v. What is the highest common factor of a and 78?
26
Let d(i) = i**3 - i**2 - i + 42. Let n be d(0). Suppose -2*o - 3 = 5, -3*z = -5*o - 83. Calculate the highest common factor of n and z.
21
Suppose -2 = -2*m + 2. Suppose -25 = -3*f - m*f. Suppose f*u + w - 47 = u, 11 = u + w. Calculate the greatest common divisor of u and 18.
6
Let n be ((-9)/15)/(3/(-30)). Suppose -a = -13 - n. What is the highest common factor of a and 133?
19
Let c be (-693)/6*(-102)/153. Calculate the greatest common divisor of 105 and c.
7
Let d = 25 + -19. Suppose 8*y = 6*y - d. Let z be (1/(-2))/(y/18). Calculate the greatest common factor of 3 and z.
3
Let o = -22 + 31. Let d = o + -6. Let y be (-555)/222*4/10*-2. What is the highest common divisor of y and d?
1
Let m(z) = -2*z**3 - 12*z**2 - 18*z - 18. Let d(l) = -l**3 + l**2. Let s(v) = 3*d(v) - m(v). Let a be s(16). Calculate the highest common factor of a and 10.
10
Let u be 1 + (-6 - 0) + 12. Calculate the greatest common divisor of 13 and u.
1
Suppose -3*r = -234 - 90. Suppose 0*z - z + r = 0. Suppose 3*p + z = 6*p. What is the highest common factor of p and 18?
18
Let x(u) = -9*u - 3. Let c be x(-1). Let b be 1 + (-2 - -1) - (-1 + -17). What is the greatest common divisor of c and b?
6
Let m = -1254 - -2256. What is the greatest common factor of m and 6?
6
Let m(g) = g**2 + 5*g + 4. Let z be m(-6). Calculate the greatest common divisor of z and 30.
10
Suppose 18 + 47 = 3*d - 2*t, 5*d - 117 = -t. What is the highest common divisor of d and 92?
23
Suppose -52*d + 39 = 5*x - 50*d, -4*d - 21 = -x. Calculate the greatest common factor of 2367 and x.
9
Let o = 108 + -180. Let t = o - -81. Calculate the greatest common factor of t and 90.
9
Let k = 169 - -7. What is the greatest common divisor of k and 33?
11
Let c(t) = 15*t**2 + 4*t + 9. Let z be c(-6). Let p = 745 - z. Suppose 9*f + 20 = 10*f. What is the greatest common factor of f and p?
20
Let l(k) be the second derivative of -k**2 - 5/6*k**3 + 0 + k. Let g be l(-2). What is the greatest common divisor of 20 and g?
4
Let d(k) = 2*k**2 - 29*k + 62. Let